hest common factor of f and t?
12
Let s be 7 + 6 + -387 + 4. Let l = s - -459. What is the highest common divisor of 89 and l?
89
Suppose 4*h + 11788 = 6*c, -2*c + 7*h = 4*h - 3921. Calculate the greatest common factor of c and 64.
16
Let n(g) = 10*g**3 + 599*g**2 - 84*g + 160. Let y be n(-60). Calculate the highest common factor of 175 and y.
25
Let r(n) = n**2 + 9*n + 16. Let v be r(-9). Suppose 5*p - 7*p = -4*f + 16, 3*p = -f + 11. Suppose 170 + 70 = f*l. What is the greatest common factor of l and v?
16
Let a(g) = 43*g + 3. Let h(u) = -32*u - 5. Let t(i) = -3*a(i) - 4*h(i). Let x = -13 - -4. Let n be t(x). Calculate the greatest common factor of n and 160.
20
Let d = 318 - 195. Let z = -119 + d. Suppose 3*r = z*r - 272. Calculate the highest common divisor of r and 16.
16
Let r(c) = -12*c - 6. Let w be r(-8). Let p = w + -74. Let l(b) = 2*b**2 + b + 1. Let x be l(-1). Calculate the highest common divisor of p and x.
2
Let c be (-22)/(-77) + (-150)/(-14). Suppose 0 = -j + 4*y + 124, -3*j + 605 = -4*y + 241. Let z = j - 32. Calculate the greatest common factor of c and z.
11
Let q be (1 + -1)/(-2) + 28/14. Suppose q*k = v + 134, 5*k - k - v - 272 = 0. Calculate the highest common factor of 9 and k.
3
Suppose -8928 = -305*y + 21267. What is the highest common divisor of y and 1606?
11
Let a(g) = g**3 + 5*g**2 - 3*g - 28. Let m be a(-3). Let l be 37 + 60 + 2*1/m. What is the highest common divisor of 76 and l?
19
Let x(q) = q**3 - 2*q**2 - 8*q + 10. Let v be (-6)/(-4)*(-8)/(-3). Let i be x(v). Let z be -1*(-4 - 0) - -46. What is the greatest common factor of z and i?
10
Let f be -1 - -11 - -2 - 0. Let j be 1/3 - (10 - 3934/42). What is the highest common divisor of f and j?
12
Let s = -8429 + 8479. Calculate the greatest common divisor of s and 15850.
50
Let t = 6525 + -6030. Calculate the greatest common factor of t and 1188.
99
Let j(b) = 11*b**2 + 11*b + 141. Let r be j(0). What is the highest common factor of r and 3713?
47
Suppose 0 = 3*h - 2*h + 57. Let b = h - -68. Let o(c) = -c**3 - 2*c**2 + c + 121. Let n be o(0). Calculate the highest common divisor of n and b.
11
Let f(l) = -114*l - 519. Let v be f(-49). Calculate the greatest common divisor of v and 9.
9
Suppose -18*p = -265*p + 44954. What is the greatest common divisor of 350 and p?
14
Let r be (840/(-16) + 7)*-288. Suppose 6*w = -10*w + r. What is the greatest common factor of 91 and w?
91
Let l be 32/14*(51 - -586). Calculate the highest common divisor of 65 and l.
13
Let s = 75 - 81. Let l be -1 + 5742/21 + s/14. What is the highest common divisor of 16 and l?
16
Suppose -2*v = -5*t - 123, -5*t + 3 = -v + 127. Let y be (-4 + 6*40/t)*-5. What is the greatest common divisor of 51 and y?
17
Let n = 208 - 212. Let g be (-165)/((2/10)/(n/10)). What is the highest common divisor of 15 and g?
15
Suppose 12 = -2*d - 4*a, -d - 4*a = -a + 10. Suppose d*g = c - g - 47, 0 = 5*c + 4*g - 140. What is the greatest common factor of 1 and c?
1
Suppose -f - 13 = 5*r + 14, 2*f + 2*r = -14. Let x(v) = -13*v**3 - 3*v + 2. Let b be x(f). Calculate the greatest common divisor of 28 and b.
28
Let s be 2754/36*48/18. What is the highest common divisor of s and 2482?
34
Suppose 53 = 3*t - t - 35. Suppose -2*g + 202 - 64 = 4*h, 2*g - h - 158 = 0. Calculate the highest common divisor of t and g.
11
Let n(b) = -47*b**3 + 7*b**2 - 4*b - 13. Let l be n(-3). Calculate the greatest common divisor of 33 and l.
11
Suppose -10*r + 1945 = -1635. Suppose -7*c = -6 - r. Calculate the greatest common factor of 208 and c.
52
Let j = -3609 + 3669. What is the greatest common factor of j and 1515?
15
Let l = 13734 - 13721. Calculate the greatest common divisor of 239 and l.
1
Let p(g) = 2*g**2 + 351*g - 364. Let x be p(-178). What is the greatest common factor of x and 9731?
263
Let h(w) = 3*w**3 - 6*w**2 + 15*w - 8. Let n be h(2). What is the greatest common factor of n and 8679?
11
Suppose 39 - 479 = -5*n. Let z = 75 - 31. What is the highest common divisor of z and n?
44
Suppose -2*q - 12*r = -14*r - 122, -2*r = 5*q - 319. What is the highest common factor of q and 182?
7
Let b be (-24)/(4872/222 + -22). Calculate the greatest common factor of 11322 and b.
222
Suppose -12*d + 138 = -2*d - 202. Calculate the greatest common factor of 4199 and d.
17
Let d(u) = u**3 + 54*u**2 + 28*u - 1189. Let k be d(-53). Let i = -92 + 143. Calculate the greatest common factor of k and i.
17
Let r(o) = 3*o**2 - 149*o + 682. Let k be r(60). Calculate the greatest common divisor of 62 and k.
62
Suppose 9*w - 25 - 2 = 0. Let h be -3*(-4 + (-183)/w). Let a = h + -127. Calculate the greatest common divisor of a and 17.
17
Suppose -12 = -7*v + 3*v. Suppose -5*b + 122 = -0*b + 2*n, -69 = -3*b + v*n. Let f be (-16)/(-24) + 7/3. What is the highest common divisor of f and b?
3
Suppose 2*d + 4*z = 6*z - 34, d + 4*z + 37 = 0. Let j be (8/6)/((-14)/d) + -2. Suppose -3*x + 33 = -j. What is the greatest common factor of x and 22?
11
Suppose l + 108 = -3*l. Let w = 268 - 228. Let b = w + l. Calculate the greatest common factor of 104 and b.
13
Suppose -16*b + 4*w + 132 = -14*b, -174 = -3*b + 2*w. Calculate the highest common factor of 342 and b.
18
Let b be 138/2*8/(-6). Let s = b - -124. Calculate the greatest common factor of 32 and s.
32
Suppose 2*b - 88 = -3*t, t + 2*b = b + 29. Let d be (-45)/(-10)*-1*(-12)/2. What is the highest common factor of t and d?
3
Let l(u) = -113*u - u**2 - 19 + 95*u - 2*u**2 - 52*u. Let a be l(-23). What is the highest common divisor of 9 and a?
1
Suppose 121*x - 18258 = -6158. Calculate the greatest common divisor of x and 125.
25
Suppose 3*j = -3*v + 270, -5*v = -5*j + 2*j + 230. Suppose -7*o = -11*o + 136. What is the highest common divisor of j and o?
17
Let q(u) = 22 - 37 - 5*u + 118 - 34. Let l be q(12). What is the greatest common divisor of 3 and l?
3
Let p = 124 + -143. Let v(d) = 2*d**2 + 4*d - 1. Let a be v(p). Calculate the greatest common divisor of 15 and a.
15
Let o be 35/4 - 2/(-8). Let m = 91 + -331. Let i = m + 241. Calculate the greatest common divisor of i and o.
1
Let y(z) = -z**2 + 65*z - 96. Let d be y(59). Calculate the greatest common divisor of 894 and d.
6
Let y be (-55 + (-30)/(-6))/((-4)/56). Calculate the highest common factor of 28 and y.
28
Let h = -6789 - -6877. Calculate the greatest common factor of 13112 and h.
88
Let c = -7556 - -7575. What is the highest common factor of 513 and c?
19
Let r be (-1)/(((-99)/207)/11). Suppose -35 = -9*i + 4*i. Let g = 16 + i. Calculate the highest common divisor of g and r.
23
Suppose -96237 = -16*r - 213*r + 420387. Calculate the greatest common divisor of 32 and r.
16
Let p(t) = -t - 3. Let w be p(8). Let n be w/3*(-31 - -10). Suppose -2*k + n = -f, 4*k - 3*f + 2*f = 149. Calculate the highest common factor of k and 9.
9
Let n be -51*4665/(-225) + ((-39)/(-15) - 2). What is the greatest common factor of 322 and n?
46
Let r = -25 - -43. Let a(k) = -k**2 + 11*k + 21. Let l be a(r). Let i = -102 - l. What is the greatest common factor of 6 and i?
3
Let m be 20/(-70) + 3927072/350 - 194/(-2425). What is the greatest common divisor of m and 136?
68
Suppose -17*s - 3921 = -19666 - 10911. What is the greatest common divisor of 980 and s?
196
Let s be 35*3/6*2. Let m = -2004 + 2011. Calculate the greatest common factor of s and m.
7
Suppose m = 1, -3*h - 1 = 5*m - 90. Let q(i) = i**2 + 4*i + 4. Let a be q(-10). Let j = a - h. What is the greatest common factor of 24 and j?
12
Suppose 4*t + 4*l - 12 = 0, 1 + 3 = 4*l. Let n(j) = j**3 - 4*j**2 + 5*j + 3. Let p be n(t). Calculate the greatest common divisor of p and 95.
5
Suppose 725*s - 648*s - 319704 = 0. What is the highest common factor of 168 and s?
24
Let l = 52 + -10. Suppose 3*x = g - 3*g + 99, -x + 138 = 3*g. Suppose 5*h - 5*o - 130 = 0, -g = -5*h + 2*o + 70. What is the greatest common factor of h and l?
21
Let n be 73*(21/(-3))/(-7). Suppose 0 = -3*v + 5*c + 11, 2*v + n = 6*v + 5*c. What is the greatest common divisor of v and 8?
4
Let b be (-1 - (9 + -163)) + 100/(-10). Calculate the highest common divisor of b and 18733.
143
Let h be 14*7/(14 + 0). Let o be ((-4)/12 - 1)/(h/(-84)). What is the greatest common divisor of 152 and o?
8
Let k = 1057 + -732. Suppose 40*j = k + 155. Calculate th